t is the remainder when (-29)/t + 1/(-4) is divided by s?
1
Let t = 2 + -8. Let g(a) = 2*a**2 + 10*a + 9. Let f(q) = 2*q**3 + 12*q**2 - 3*q + 22. Calculate the remainder when f(-6) is divided by g(t).
19
What is the remainder when 218 is divided by (18/1)/9*37/2?
33
Suppose -2*b + 4*q - 30 = -3*b, -74 = -5*b - q. Suppose i = a - b, -2*a + 9 = i - 16. Suppose -1 - 31 = -4*z. Calculate the remainder when a is divided by z.
5
Let d = -9 - -13. Calculate the remainder when (2 + 7)*(-70)/(-45) is divided by d.
2
Suppose 34 = v + 3*b - 8*b, -3*b = 3*v - 48. What is the remainder when v is divided by 6?
1
Let n = -1 - 0. Let x = -90650 + 90676. Calculate the remainder when (n + -25 + 1)*-3 is divided by x.
23
Suppose -6*r + 3*r - 45 = 0. Let n be (0 - 3)*r/9. Suppose 0 = -n*y - i + 186, i = -4*y + 4*i + 164. What is the remainder when y is divided by 20?
18
Let c(q) = -q**3 - 11*q**2 - 16*q. Let m be c(-8). Let v = m + 79. What is the remainder when 213/5 + (-4)/(-10) is divided by v?
13
Suppose 59 + 12 = l. Let z = -18 + l. Let u = -65 + 79. Calculate the remainder when z is divided by u.
11
Suppose 195 = 2*c + 3*c. What is the remainder when c is divided by 29?
10
Let h(u) = -u**2 - 7*u - 3. Let v = -631 - -649. Calculate the remainder when v is divided by h(-5).
4
Suppose 23*d - 2680 = 31*d. What is the remainder when (-10184)/d + (4/10)/(-1) is divided by 11?
8
Suppose d + 2 = -0*l - l, 3*d - 2*l = 9. Suppose -p - d = 0, 0*p + 83 = 4*n + 5*p. What is the remainder when 62/3*(5 + -2) is divided by n?
18
Let x = -4 + 11. Let u(b) = -8*b - 156. What is the remainder when x is divided by u(-20)?
3
Let d(g) = -16*g - 109. What is the remainder when d(-12) is divided by 18?
11
Calculate the remainder when 58 is divided by (-156)/(-10) + 48/120.
10
Suppose -161 + 196 = 5*v. Let n(a) = 4*a - 6. Let c(b) = -3*b - 1. Let l be c(-3). What is the remainder when n(l) is divided by v?
5
Suppose -3*c = -0*c + 3*n - 21, n = 5*c - 11. Calculate the remainder when 15 is divided by c.
0
Let j = -80 + 89. Suppose y - j = -6. Calculate the remainder when 16 is divided by y.
1
Suppose 0 = 1019*t - 1086*t + 6633. Suppose 3 + 89 = 2*i - 2*u, 163 = 3*i + 2*u. What is the remainder when t is divided by i?
48
Suppose 1 = -d - 4, h - 3*d - 35 = 0. Suppose -32 = -4*n + h. Calculate the remainder when 24 is divided by n.
11
Let x(c) = c**2 + 14*c + 18. Let n be 186/(-14) - 20/(-70). Let q be x(n). Suppose q*u + 50 = 7*u. Calculate the remainder when u is divided by 4.
1
Suppose -5*l + 53 = -3*y, -5*y = -3*l - 20 + 55. Suppose 5*p + l = 0, 0*n = n - 2*p - 9. Suppose 33 + n = 2*m. Calculate the remainder when 73 is divided by m.
16
Let c be (-2)/4 + (-106)/(-4). Let a be 25198/430 + 14/10. Let u = a - c. What is the remainder when 133 is divided by u?
31
Let l(c) = c**2 - 2*c - 10. Let u(p) = 2*p**3 + 2*p**2 - 5*p - 2. Let w be u(-3). Let a = w + 17. What is the remainder when l(a) is divided by 10?
8
Suppose 2*s - 3*s - 15 = 0. Let c = s + 12. What is the remainder when 13 + 2 + -3 + c is divided by 4?
1
Calculate the remainder when 7/(-2) + (-1263)/(-6) is divided by 19.
17
Let w = -8 + 10. Let a be w - 6/(-3)*1. Suppose 4*j - 20 = j + a*v, -5*j + 18 = v. Calculate the remainder when 7 is divided by j.
3
Suppose l - 3*p = -52, 0 = 2*l - 0*p - 3*p + 98. Let w = -94 - l. Calculate the remainder when w/(-28)*(0 - -28) is divided by 17.
14
Let d(p) = 17*p + 1562. What is the remainder when d(-86) is divided by 4/24 + 77/6?
9
Let h(p) = 155*p**2 - 17*p + 35. What is the remainder when h(2) is divided by 12?
9
Let s = 841 - 834. Calculate the remainder when 83 is divided by s.
6
Let j(a) = 2*a**3 - 3*a**2 - 3*a - 2. Let m(f) = f + 21. Let g be m(-11). Let u be (18/g)/(-3)*-5. What is the remainder when 62 is divided by j(u)?
14
Let z(w) be the second derivative of 5*w**3/2 - 3*w**2/2 - 6*w. Calculate the remainder when 78 is divided by z(2).
24
Let c(f) = -f + 60. Let o(q) = q**3 + 1. Let l be o(-1). Let k be c(l). Suppose 2*u - k = -6. What is the remainder when u is divided by 7?
6
Suppose 0 = -2*u - 3*u + 145. What is the remainder when u is divided by 8?
5
Suppose 0 = -t - 5, 4*q - 10 = 2*q - 4*t. What is the remainder when 209 is divided by q?
14
Suppose -3*c = c. Suppose -r = -5, -4*r + 265 = 5*n - c*r. Calculate the remainder when n is divided by (3/6)/((-2)/(-44)) - -2.
10
Suppose 9*s - 176 - 688 = 0. What is the remainder when s is divided by 14?
12
Let v = 773 - 757. Calculate the remainder when 991 is divided by v.
15
Suppose 3*m - 14 = -5. Suppose -4*y - 106 = -m*v, 0 = -2*v + 4*v + 2*y - 80. What is the remainder when v is divided by 14?
10
Let u(x) = -x**2 + 19*x + 2. Calculate the remainder when 60 is divided by u(17).
24
What is the remainder when 2/(6/(-9)*39/(-1534)) is divided by 21?
13
Let b(z) = 15 - 3 + 0*z + z - 6. Let n be b(-2). Suppose v - 4 = 3*j + 3, -n*j - 12 = -2*v. What is the remainder when 10 is divided by v?
2
Calculate the remainder when 4/(-21)*-3*(-14952)/(-48) is divided by 13.
9
Let w = 174 - 166. What is the remainder when 35 is divided by w?
3
Let i(z) = 3*z**2 + z + 2. Let m be i(3). Suppose 2*t + m = 4*t. Suppose 31 = 3*p - 104. What is the remainder when p is divided by t?
13
Let i(m) = -m**2 + 66*m - 74. What is the remainder when i(26) is divided by 88?
86
Let u(l) = 6*l**3 - 4*l. Let x be u(-2). Let d = x - -49. Suppose 2 = -2*c, -145 = -5*y + c + 21. What is the remainder when y is divided by d?
6
Suppose -4*d = 3*y - 109, -y - 14 - 8 = -d. Calculate the remainder when 170 is divided by d.
20
Suppose 0 = 54*j - 59*j + 235. What is the remainder when j is divided by 19?
9
Let v = 485 + -430. Calculate the remainder when 163 is divided by v.
53
Let l(q) = q + 11. What is the remainder when 117 is divided by l(9)?
17
Let l(a) = a**3 - 37*a**2 + 31*a + 186. Let k = 15 + 35. Let b = k + -36. Calculate the remainder when b is divided by l(36).
2
Let y = 510 - 502. What is the remainder when 178 is divided by y?
2
Let l(m) = -m + 151. Calculate the remainder when l(14) is divided by 10.
7
Suppose 5*n = 4*n - 4*q - 95, 101 = -n - q. Let x = 153 + n. Let i = -8574 + 8587. What is the remainder when x is divided by i?
11
Let a(x) = x**2 + 6*x + 5. Let m be a(-6). Let l(h) = -h**2 + 18*h - 21. What is the remainder when 2/m - 203/(-5) is divided by l(2)?
8
Let n be ((-5)/(-4))/((-1)/(-4)). Suppose n*h - 26 - 9 = 0. Suppose 21*g = 18*g + 78. What is the remainder when g is divided by h?
5
Let b(q) = 5*q + 7. Let u = -11 - -1. Calculate the remainder when b(3) is divided by 0 - 3 - (-1 + u).
6
Let m(g) = -3*g - 8. Calculate the remainder when 256 is divided by m(-17).
41
Let v be -9 + -1 - 0/(-1). Let y = 27 + v. Calculate the remainder when 70/63 + -1 - 592/(-18) is divided by y.
16
Suppose -8*z - 129 + 233 = 0. Suppose 66 + 62 = 2*q. Calculate the remainder when q is divided by z.
12
Suppose q = -4*v + 272 + 53, -5*v - 5*q = -440. Suppose -4*k + 86 = h + 19, -2*h + 6 = 0. What is the remainder when v is divided by k?
15
Let v = 71 + -41. Let m be 2*3/12*-48. Let r = m + v. Calculate the remainder when r is divided by 5.
1
Let v(k) = k**3 - 5*k**2 + 7*k + 18. Let d(y) = 2*y**2 - 8*y. Calculate the remainder when v(7) is divided by d(7).
39
Let q = 21 - -37. Let y = q + -39. Calculate the remainder when 53 is divided by y.
15
Let y = 78 - 56. Suppose y = 5*w - 53. Let o = w + -1. What is the remainder when o is divided by 4?
2
Let a(j) = j**3 - 3*j**2 - 13. Let x be a(4). Suppose 0 = -x*n + 2*n + 1. Calculate the remainder when 4 is divided by n.
0
Calculate the remainder when (-1308)/(-2) + -6*8/12 is divided by 31.
30
Calculate the remainder when 99 is divided by 2/(-14) - (0 - (-1266)/(-42)).
9
Let i(h) = -6*h + 29. What is the remainder when i(-9) is divided by -1 + (21 - 1/(-1))?
20
Let f(g) = -7*g - 5. What is the remainder when f(-7) is divided by 18?
8
Let t be (-20)/70 - (1 - (-18)/(-14)). Suppose t = -2*f + 79 + 69. Calculate the remainder when f is divided by 15.
14
Let m(s) = -s**3 + 5*s**2 - 2*s + 4. Suppose 3*z - 114 - 24 = 0. What is the remainder when z is divided by m(4)?
10
Suppose 0 = 6*g - 4*g - 40. Suppose -9*h - g = -11*h. Calculate the remainder when 157 is divided by h.
7
Suppose -305 = -4*c + a + 641, 4*c + 2*a = 940.